s of v?
3, 13, 19
What are the prime factors of (80/160)/(2/1604 - 0)?
401
Let a(d) = -149*d + 24. List the prime factors of a(-11).
1663
Let z(n) = -6*n - 7*n - 6*n - 3*n**2 - 20 + 2*n**2. Let l be z(-17). Suppose -5*b = -94 + l. List the prime factors of b.
2
Suppose -l = -5, k + 100 = -4*k - 4*l. Let o be (k/5)/((-3)/40). Suppose -5*n + 21 = -o. List the prime factors of n.
17
Let j(p) = -p**2 - 116*p - 44. List the prime factors of j(-38).
2, 5, 73
Suppose i + 3 = -0*i, 4*i + 62 = 5*a. Let z(r) = 5*r - 8. List the prime factors of z(a).
2, 3, 7
Let u = 9 - 5. Let g be 3*-2*u/(-8). Suppose -72 = -s - g*s + b, -72 = -4*s - 2*b. What are the prime factors of s?
2, 3
Suppose 5*x - 261 = 2*l, -2*x - 37 + 142 = -l. Suppose x = c - 7. List the prime factors of c.
2, 29
Suppose 4*w - 45 = 3. Let j(d) = d**3 - 11*d**2 - 9*d - 6. List the prime factors of j(w).
2, 3, 5
Let f(a) = 13*a**2 + 8*a - 224. What are the prime factors of f(-13)?
3, 7, 89
What are the prime factors of 3466/6*3*(-11)/(-11)?
1733
Let m(a) = -4*a + 8. Let w(f) = 16*f + 3. Let n be w(-1). List the prime factors of m(n).
2, 3, 5
Let s = 345 + -143. List the prime factors of s.
2, 101
Let t be 0 - 8/2 - -165. Suppose -a - t = -2*h, 0 = -9*h + 4*h + 3*a + 405. What are the prime factors of h?
2, 3, 13
Suppose 3*x = -3, -4*s + 3*s - 2*x = 0. What are the prime factors of 81 - (6 + (s - 5))?
2, 3, 13
Let k be (302/6)/((-11)/(-33)). Suppose -101 = -6*h + k. What are the prime factors of h?
2, 3, 7
Suppose -r = x - 1873, 3*r = 2*r + x + 1867. List the prime factors of r.
2, 5, 11, 17
Let v(g) = -g**2 + 2*g + 2. Let w be v(15). Let b = 376 + w. List the prime factors of b.
3, 61
Let i(c) = 6 + 2*c**2 - 7*c - 3 - 4. List the prime factors of i(5).
2, 7
Let m = 196 - 96. Suppose m = -0*t + 4*t. What are the prime factors of t?
5
Let d = -3 + 19. Let f(c) = -c - 1. Let k be f(-4). Let o = d + k. What are the prime factors of o?
19
Let t(q) = -q**2. Let y be t(-2). Let x be -1*(-3 - y - 24). Suppose -3*u - x - 38 = -4*j, 5*j = -4*u + 53. What are the prime factors of j?
13
What are the prime factors of 3*3217/(-12)*-4?
3217
Let x = -221 - -345. Let u = x + -55. List the prime factors of u.
3, 23
Let y = 1963 + -1963. Suppose -5*k = -2*n - n + 38, -3*n = 3*k - 6. Let t = n + y. What are the prime factors of t?
2, 3
Suppose 4*a + 2347 = 10347. List the prime factors of a.
2, 5
Suppose -13 = -2*h + 167. What are the prime factors of 1226/30 - (-12)/h?
41
Suppose -2*c = -3*f + 65, 0*f + 44 = 2*f - c. Suppose -3*h - 42 = 21. Let r = f + h. List the prime factors of r.
2
Let t be -3 + -1 + 2 - -3. Let k = 5 - t. Suppose n - 10 = -k*n. What are the prime factors of n?
2
Let b be (36 - 37)/(2*1/14). Let a(x) = -29*x - 28. What are the prime factors of a(b)?
5, 7
Let a = 5008 + -1039. What are the prime factors of a?
3, 7
Let g(s) = s**3 + 4*s**2 + s - 3. Let d be g(-3). Suppose y - 12 = -d*y. Suppose -2*x - 4*l + 34 = -y*l, x - 7 = -3*l. What are the prime factors of x?
19
List the prime factors of -1 - 1038*(-6)/12.
2, 7, 37
Let x(k) be the second derivative of k**5/20 + k**4/4 - 5*k**3/6 - 3*k. Let j(p) = p**2 - 4. Let f be j(0). What are the prime factors of x(f)?
2
Let o be 0/2*(1 - 0). Suppose 7*j = -o*j + 21. List the prime factors of j.
3
Suppose 0 = 5*x - r - 3941, 3*x + 3*r = 5*r + 2359. List the prime factors of x.
3, 263
Suppose 24 + 0 = 3*u - 3*g, 0 = -3*g. Suppose 3*c = u*c + s - 638, 0 = 4*c - 2*s - 516. What are the prime factors of c?
2
Suppose -16 + 8 = -2*d. Suppose 2*t + 14 = v, 0*v + 3*t = -d*v + 1. List the prime factors of 18 + (v - 7)/3.
17
Let m(s) = 5*s**2 - s + 1. Let b be m(1). Suppose 110 = b*d - 8*v + 3*v, -5*d - 2*v = -131. List the prime factors of d.
5
Suppose 4*o + 6*g = 11*g + 35, g = -o + 2. List the prime factors of o.
5
Let s = -575 + 1823. List the prime factors of s.
2, 3, 13
Suppose -5*r = -32 + 2. Suppose -r*n = -4*n. Suppose -y - 4*y + 165 = n. List the prime factors of y.
3, 11
Let h(z) = -2*z**2 - z - 1. Let a be h(8). Let n = -1689 - a. List the prime factors of 2/13 - n/52.
2, 3, 5
Let q(j) = 737*j**2 - 10*j. What are the prime factors of q(1)?
727
Let v(f) be the second derivative of -f**6/120 - f**5/120 + 5*f**4/12 - 5*f. Let x(z) be the third derivative of v(z). What are the prime factors of x(-2)?
11
Suppose d - 10 - 6 = 0. Suppose -4*x = -16, 0 = -t - 3*t - 2*x - d. Let h = t + 25. List the prime factors of h.
19
Let n(l) = -l**2 + 9*l - 10. Let f be n(9). Let t(i) = -i**3 - i**2 + 5*i + 2. Let j be t(-3). List the prime factors of (-38)/(-4) - j/f.
2, 5
Let g = 654 + -302. List the prime factors of g.
2, 11
Suppose k + 1 = 3. Let y = k + 13. Suppose 2*j - 3*j = -y. List the prime factors of j.
3, 5
Suppose -3*l + 18 = 63. List the prime factors of 27 + -31 + l/(-1).
11
Suppose -5*z = -2*v + 63, 4*v = -3*z + z - 6. Let k = -11 - z. Suppose 14 = p + p + 2*r, k = -3*r + 3. List the prime factors of p.
2, 3
Let a(q) = q + 8. Let n be a(-5). Suppose -5*d + n*r + 32 = 6*r, 12 = -2*d + 5*r. Suppose d*i - 7 = -j, 5*i + j = -j + 8. List the prime factors of i.
2
Suppose 20*q = 43*q - 96186. List the prime factors of q.
2, 3, 17, 41
Let o be ((-2)/2 - -1) + 116. Let c be (0 - 0)/(6 + -4). Suppose -7*n + 3*n + o = c. List the prime factors of n.
29
Let v = 596 - 191. What are the prime factors of v?
3, 5
Let o = -6 + 9. Suppose 2*x + 18 = 5*s + 1, 5 = o*s + 4*x. List the prime factors of s.
3
List the prime factors of (32/(-3))/((-29)/522).
2, 3
Let a = 407 + -291. List the prime factors of ((-14)/(-8))/(1/a).
7, 29
Suppose -4*x = -0*x - 480. Let s = x - 60. Suppose -4*v = -0*k - 4*k + 100, 4*v = -4*k + s. What are the prime factors of k?
2, 5
Let a(b) = 5*b + 14. Let g(r) = -1. Let m(v) = -16*v - 47. Let u(s) = -5*g(s) + m(s). Let x(n) = -7*a(n) - 2*u(n). What are the prime factors of x(-12)?
2, 11
Suppose 2602 = 5*b + 322. What are the prime factors of b?
2, 3, 19
Suppose -4*b = 3*i - 8*i - 70, i = -3*b + 43. Suppose -n - 2*n + b = 0. List the prime factors of n.
5
Suppose 4*n + 0*n + 57 = b, -b = -5*n - 61. Let j = 75 - b. List the prime factors of j.
2, 17
Suppose 2*g - 532 = 9*g. List the prime factors of g/(-57) + 532/6.
2, 3, 5
Let h be (-6)/45 + (-124)/(-30). What are the prime factors of 2/h - 835/(-10)?
2, 3, 7
Let h(q) = 6*q**2 + 14*q + 57. List the prime factors of h(-10).
11, 47
Suppose 7*k - 4 = 3. Let n be 0*4/12*k. List the prime factors of 45/(n + 9/6).
2, 3, 5
Suppose 5*a = -27*q + 24*q + 26, q + 5*a = 12. What are the prime factors of q?
7
Let y = 1472 - 1264. What are the prime factors of y?
2, 13
Suppose s - 31 = -3*h, 15 + 182 = 5*s + h. Let b be ((-14)/(-8))/(10/s). Suppose 2*p - 4*z - 13 = b, 0 = -5*z. List the prime factors of p.
2, 5
Suppose -3*u - 5*l + 1448 = -210, 1652 = 3*u - l. List the prime factors of u.
19, 29
Suppose -5*u + 2*g = -2*g - 52, 0 = -2*u - 4*g + 4. Suppose 3*j = 154 + u. Suppose 5*m - 42 = -4*t, -5*m + 2*t + j = -0*m. What are the prime factors of m?
2, 5
What are the prime factors of ((-2)/(-5))/((-11)/(-13585))?
2, 13, 19
Let a(j) = -6*j + 8. Let o(v) = 6*v - 9. Let x(h) = -4*a(h) - 3*o(h). Let i = 5 - -1. List the prime factors of x(i).
31
Let l = -20 - -66. Suppose -j + l = -68. Suppose 2*u = -5*t + u + j, -4*t + u = -84. What are the prime factors of t?
2, 11
Let a(z) = -z**3 + 9*z**2 + 7*z - 35. Let v be a(8). Suppose 540 = -v*x + 90*x. What are the prime factors of x?
2, 3
Let q(d) = 6 + d**2 - 2*d - 7 + 9 + 2*d. Suppose -a + 4*a - 15 = 0. List the prime factors of q(a).
3, 11
Suppose -16*b + 57174 = -1962. What are the prime factors of b?
2, 3, 7, 11
Suppose -34*j = 6*j - 40520. What are the prime factors of j?
1013
Let g = -27 - -58. Suppose 265*y = 262*y + 222. Let n = y - g. What are the prime factors of n?
43
Suppose 0 = 3*f + 11 - 2, -3*q + 1596 = -4*f. What are the prime factors of q?
2, 3, 11
Let t = 122 + 79. Suppose 2*f - t = 5*z, 8*f - 4*z = 6*f + 196. What are the prime factors of f?
2, 11
Let q(s) = 51*s - 27. Let n be q(9). Let z = n - 184. What are the prime factors of z?
2, 31
Suppose -8*f + 13*f - 240 = 0. Let h = f + -16. List the prime factors of h.
2
Suppose -2*s + 5*o - 327 = 784, 4*s - o = -2213. Let t = s - -795. List the prime factors of t.
2, 11
Let p = 11 + -17. Let h(c) = 2